{"id":41,"date":"2015-05-15T11:12:04","date_gmt":"2015-05-15T09:12:04","guid":{"rendered":"http:\/\/www.wraadapband.cz\/?page_id=41"},"modified":"2019-01-08T15:26:57","modified_gmt":"2019-01-08T13:26:57","slug":"historie-2","status":"publish","type":"page","link":"https:\/\/www.wraadapband.cz\/?page_id=41","title":{"rendered":"HISTORIE"},"content":{"rendered":"<p style=\"text-align: justify;\"><span style=\"color: #d1d1d1;\"><br \/>\nWraaDap Band kdysi za\u010d\u00ednal jako Big Band ze Smetanky a to v roce 2007. Vznikl pod z\u00e1\u0161titou Z\u00e1kladn\u00ed um\u011bleck\u00e9 \u0161koly Smetanova v Brn\u011b, kde velmi zku\u0161en\u00fd brn\u011bnsk\u00fd jazzman Zden\u011bk Trebl\u00edk se pustil do odv\u00e1\u017en\u00e9ho kousku slo\u017eit z jazzem nepoznamenan\u00fdch \u017e\u00e1k\u016f swingov\u00fd big band. Prvn\u00ed koncert, na kter\u00e9m se tento ans\u00e1bl p\u0159edstavil, byl Galakoncert ZU\u0160 Smetanova v Jan\u00e1\u010dkov\u011b divadle v dubnu 2008. Tent<span class=\"text_exposed_show\">o koncert motivoval jak kapeln\u00edka, tak muzikanty k dal\u0161\u00edmu zkou\u0161en\u00ed a skoro do roka a do dne v dubnu 2009 dok\u00e1zal slo\u017eit reperto\u00e1r na vlastn\u00ed koncert v evangelick\u00e9m kostele v Karvin\u00e9.<\/span><\/span><\/p>\n<p style=\"text-align: justify;\"><span class=\"text_exposed_show\" style=\"color: #d1d1d1;\"><br \/>\nDnes u\u017e kapela pravideln\u00e9 koncertuje v klubu \u0160elepova No.1 a v Metro Music Baru v Brn\u011b. \u010casto je k zahl\u00e9dnut\u00ed na r\u016fzn\u00fdch slavnostech spojen\u00fdch s pravideln\u00fdmi festivaly po\u0159\u00e1dan\u00fdmi statut\u00e1rn\u00edm m\u011bstem Brnem a Jihomoravsk\u00fdm krajem, jako jsou Ignis Brunensis, Mozartovy d\u011bti, Hradn\u00ed slavnosti, P\u0159\u00edhrani\u010dn\u00ed slavnosti, Muzejn\u00ed noc a dal\u0161\u00ed. Na t\u011bchto akc\u00edch jsme m\u011bli mo\u017enost zahr\u00e1t si se slavn\u00fdmi muzikanty, jako jsou Jarom\u00edr Hnili\u010dka, Mojm\u00edr B\u00e1rtek, Felix Slov\u00e1\u010dek, Ji\u0159\u00ed Such\u00fd, Jana Bleh\u00e1rov\u00e1, Vladim\u00edr Pi\u0161an, Ji\u0159\u00ed Audes, Ji\u0159\u00ed Pavlica a Hradi\u0161\u0165an a dal\u0161\u00ed.<\/span><\/p>\n<p style=\"text-align: justify;\"><span class=\"text_exposed_show\" style=\"color: #d1d1d1;\"><img loading=\"lazy\" decoding=\"async\" class=\" size-medium wp-image-430 alignleft\" src=\"https:\/\/www.wraadapband.cz\/wp-content\/uploads\/2015\/05\/mDSC_0844-300x199.jpg\" alt=\"mDSC_0844\" width=\"300\" height=\"199\" srcset=\"https:\/\/www.wraadapband.cz\/wp-content\/uploads\/2015\/05\/mDSC_0844-300x199.jpg 300w, https:\/\/www.wraadapband.cz\/wp-content\/uploads\/2015\/05\/mDSC_0844.jpg 986w\" sizes=\"auto, (max-width: 300px) 100vw, 300px\" \/><\/span><\/p>\n<p style=\"text-align: justify;\"><span class=\"text_exposed_show\" style=\"color: #d1d1d1;\">D\u00e1le jsme zvan\u00ed na r\u016fzn\u00e9 firemn\u00ed akce a spole\u010densk\u00e9 plesy. A proto se reperto\u00e1r u\u017e neskl\u00e1d\u00e1 jen z jazzov\u00e9 a swingov\u00e9 hudby, ale m\u016f\u017eete zaslechnout i r\u016fzn\u00e9 latinsko-americk\u00e9 rytmy (samba, cha-cha, rumba) anebo tane\u010dn\u00ed standardy (polka, val\u010d\u00edk, waltz, tango). Ale p\u0159esto se velmi r\u00e1di vrac\u00edme a u\u010d\u00edme dal\u0161\u00ed skladby od velk\u00fdch sv\u011btov\u00fdch jazzman\u016f, jako jsou \u00a0Duke Elington, Count Basie, Glenn Miler, Benny Goodman, Neal Hefti, Louis Prima a plno dal\u0161\u00edch.<\/span><\/p>\n<p style=\"text-align: justify;\"><span class=\"text_exposed_show\" style=\"color: #d1d1d1;\"><br \/>\nKdysi jsme za\u010d\u00ednali jako p\u0159ev\u00e1\u017en\u011b mlad\u00e1 sme\u010dka s ambicemi hr\u00e1t hudbu velk\u00fdch big band\u016f. I kdy\u017e obsazen\u00ed muzikant\u016f se od t\u00e9 doby trochu zm\u011bnilo, ambice a ml\u00e1d\u00ed z\u016fstalo a t\u011b\u0161\u00edme se na dal\u0161\u00ed p\u0159\u00edle\u017eitosti, kde m\u016f\u017eeme projevit na\u0161e nad\u0161en\u00ed pro um\u011bn\u00ed star\u00fdch i nov\u00fdch jazzov\u00fdch mistr\u016f.<\/span><\/p>\n<p>&nbsp;<\/p>\n<p style=\"text-align: center;\"><span style=\"color: #d1d1d1;\">\u00a0WraaDap Band 2008 \u2013 2018!!<\/span><\/p>\n<p><iframe loading=\"lazy\" title=\"WraaDap Band 2008 - 2018\" width=\"780\" height=\"439\" src=\"https:\/\/www.youtube.com\/embed\/aV42QiogafM?feature=oembed\" frameborder=\"0\" allow=\"accelerometer; autoplay; encrypted-media; gyroscope; picture-in-picture\" allowfullscreen><\/iframe><\/p>\n","protected":false},"excerpt":{"rendered":"<p>WraaDap Band kdysi za\u010d\u00ednal jako Big Band ze Smetanky a to v roce 2007. Vznikl pod z\u00e1\u0161titou Z\u00e1kladn\u00ed um\u011bleck\u00e9 \u0161koly Smetanova v Brn\u011b, kde velmi zku\u0161en\u00fd brn\u011bnsk\u00fd jazzman Zden\u011bk Trebl\u00edk se pustil do odv\u00e1\u017en\u00e9ho kousku slo\u017eit z jazzem nepoznamenan\u00fdch \u017e\u00e1k\u016f swingov\u00fd big band. Prvn\u00ed koncert, na kter\u00e9m se tento ans\u00e1bl p\u0159edstavil, byl Galakoncert ZU\u0160 Smetanova <a class=\"more-link\" href=\"https:\/\/www.wraadapband.cz\/?page_id=41\">V\u00edce&#8230;<\/a><\/p>\n","protected":false},"author":2,"featured_media":0,"parent":0,"menu_order":0,"comment_status":"closed","ping_status":"closed","template":"","meta":{"footnotes":""},"class_list":["post-41","page","type-page","status-publish","hentry"],"_links":{"self":[{"href":"https:\/\/www.wraadapband.cz\/index.php?rest_route=\/wp\/v2\/pages\/41","targetHints":{"allow":["GET"]}}],"collection":[{"href":"https:\/\/www.wraadapband.cz\/index.php?rest_route=\/wp\/v2\/pages"}],"about":[{"href":"https:\/\/www.wraadapband.cz\/index.php?rest_route=\/wp\/v2\/types\/page"}],"author":[{"embeddable":true,"href":"https:\/\/www.wraadapband.cz\/index.php?rest_route=\/wp\/v2\/users\/2"}],"replies":[{"embeddable":true,"href":"https:\/\/www.wraadapband.cz\/index.php?rest_route=%2Fwp%2Fv2%2Fcomments&post=41"}],"version-history":[{"count":17,"href":"https:\/\/www.wraadapband.cz\/index.php?rest_route=\/wp\/v2\/pages\/41\/revisions"}],"predecessor-version":[{"id":2440,"href":"https:\/\/www.wraadapband.cz\/index.php?rest_route=\/wp\/v2\/pages\/41\/revisions\/2440"}],"wp:attachment":[{"href":"https:\/\/www.wraadapband.cz\/index.php?rest_route=%2Fwp%2Fv2%2Fmedia&parent=41"}],"curies":[{"name":"wp","href":"https:\/\/api.w.org\/{rel}","templated":true}]}}

<p style="text-align: justify;"><span style="color: #d1d1d1;"><br />
WraaDap Band kdysi začínal jako Big Band ze Smetanky a to v roce 2007. Vznikl pod záštitou Základní umělecké školy Smetanova v Brně, kde velmi zkušený brněnský jazzman Zdeněk Treblík se pustil do odvážného kousku složit z jazzem nepoznamenaných žáků swingový big band. První koncert, na kterém se tento ansábl představil, byl Galakoncert ZUŠ Smetanova v Janáčkově divadle v dubnu 2008. Tent<span class="text_exposed_show">o koncert motivoval jak kapelníka, tak muzikanty k dalšímu zkoušení a skoro do roka a do dne v dubnu 2009 dokázal složit repertoár na vlastní koncert v evangelickém kostele v Karviné.</span></span></p>
<p style="text-align: justify;"><span class="text_exposed_show" style="color: #d1d1d1;"><br />
Dnes už kapela pravidelné koncertuje v klubu Šelepova No.1 a v Metro Music Baru v Brně. Často je k zahlédnutí na různých slavnostech spojených s pravidelnými festivaly pořádanými statutárním městem Brnem a Jihomoravským krajem, jako jsou Ignis Brunensis, Mozartovy děti, Hradní slavnosti, Příhraniční slavnosti, Muzejní noc a další. Na těchto akcích jsme měli možnost zahrát si se slavnými muzikanty, jako jsou Jaromír Hnilička, Mojmír Bártek, Felix Slováček, Jiří Suchý, Jana Blehárová, Vladimír Pišan, Jiří Audes, Jiří Pavlica a Hradišťan a další.</span></p>
<p style="text-align: justify;"><span class="text_exposed_show" style="color: #d1d1d1;"><img loading="lazy" decoding="async" class=" size-medium wp-image-430 alignleft" src="https://www.wraadapband.cz/wp-content/uploads/2015/05/mDSC_0844-300x199.jpg" alt="mDSC_0844" width="300" height="199" srcset="https://www.wraadapband.cz/wp-content/uploads/2015/05/mDSC_0844-300x199.jpg 300w, https://www.wraadapband.cz/wp-content/uploads/2015/05/mDSC_0844.jpg 986w" sizes="auto, (max-width: 300px) 100vw, 300px" /></span></p>
<p style="text-align: justify;"><span class="text_exposed_show" style="color: #d1d1d1;">Dále jsme zvaní na různé firemní akce a společenské plesy. A proto se repertoár už neskládá jen z jazzové a swingové hudby, ale můžete zaslechnout i různé latinsko-americké rytmy (samba, cha-cha, rumba) anebo taneční standardy (polka, valčík, waltz, tango). Ale přesto se velmi rádi vracíme a učíme další skladby od velkých světových jazzmanů, jako jsou  Duke Elington, Count Basie, Glenn Miler, Benny Goodman, Neal Hefti, Louis Prima a plno dalších.</span></p>
<p style="text-align: justify;"><span class="text_exposed_show" style="color: #d1d1d1;"><br />
Kdysi jsme začínali jako převážně mladá smečka s ambicemi hrát hudbu velkých big bandů. I když obsazení muzikantů se od té doby trochu změnilo, ambice a mládí zůstalo a těšíme se na další příležitosti, kde můžeme projevit naše nadšení pro umění starých i nových jazzových mistrů.</span></p>
<p>&nbsp;</p>
<p style="text-align: center;"><span style="color: #d1d1d1;"> WraaDap Band 2008 – 2018!!</span></p>
<p><iframe loading="lazy" title="WraaDap Band 2008 - 2018" width="780" height="439" src="https://www.youtube.com/embed/aV42QiogafM?feature=oembed" frameborder="0" allow="accelerometer; autoplay; encrypted-media; gyroscope; picture-in-picture" allowfullscreen></iframe></p>

<p>WraaDap Band kdysi začínal jako Big Band ze Smetanky a to v roce 2007. Vznikl pod záštitou Základní umělecké školy Smetanova v Brně, kde velmi zkušený brněnský jazzman Zdeněk Treblík se pustil do odvážného kousku složit z jazzem nepoznamenaných žáků swingový big band. První koncert, na kterém se tento ansábl představil, byl Galakoncert ZUŠ Smetanova <a class="more-link" href="https://www.wraadapband.cz/?page_id=41">Více&#8230;</a></p>
