{"id":2785,"date":"2023-10-23T18:02:42","date_gmt":"2023-10-23T16:02:42","guid":{"rendered":"https:\/\/www.wraadapband.cz\/?page_id=2785"},"modified":"2023-10-23T18:19:31","modified_gmt":"2023-10-23T16:19:31","slug":"48-setkani-strecu-a-tetin-v-brne-26-10-2019-hoste-zuzana-gamboa-felix-slovacek-a-jan-smigmator","status":"publish","type":"page","link":"https:\/\/www.wraadapband.cz\/?page_id=2785","title":{"rendered":"48. Setk\u00e1n\u00ed str\u00e9c\u016f a tetin v Brn\u011b, 26.10.2019 host\u00e9 Zuzana Gamboa, Felix Slov\u00e1\u010dek a Jan Smigm\u00e1tor"},"content":{"rendered":"\n<figure class=\"wp-block-gallery columns-3 is-cropped wp-block-gallery-1 is-layout-flex wp-block-gallery-is-layout-flex\"><ul class=\"blocks-gallery-grid\"><li class=\"blocks-gallery-item\"><figure><a href=\"https:\/\/www.wraadapband.cz\/wp-content\/uploads\/2023\/10\/70003469_10162605437105367_8412814070608035840_n.jpg\"><img loading=\"lazy\" decoding=\"async\" width=\"1000\" height=\"702\" src=\"https:\/\/www.wraadapband.cz\/wp-content\/uploads\/2023\/10\/70003469_10162605437105367_8412814070608035840_n.jpg\" alt=\"\" data-id=\"2786\" data-full-url=\"https:\/\/www.wraadapband.cz\/wp-content\/uploads\/2023\/10\/70003469_10162605437105367_8412814070608035840_n.jpg\" data-link=\"https:\/\/www.wraadapband.cz\/?attachment_id=2786#main\" class=\"wp-image-2786\" srcset=\"https:\/\/www.wraadapband.cz\/wp-content\/uploads\/2023\/10\/70003469_10162605437105367_8412814070608035840_n.jpg 1000w, https:\/\/www.wraadapband.cz\/wp-content\/uploads\/2023\/10\/70003469_10162605437105367_8412814070608035840_n-300x211.jpg 300w, https:\/\/www.wraadapband.cz\/wp-content\/uploads\/2023\/10\/70003469_10162605437105367_8412814070608035840_n-768x539.jpg 768w\" sizes=\"auto, (max-width: 1000px) 100vw, 1000px\" \/><\/a><\/figure><\/li><li class=\"blocks-gallery-item\"><figure><a href=\"https:\/\/www.wraadapband.cz\/wp-content\/uploads\/2023\/10\/73046693_10162537097940367_984279626614308864_n.jpg\"><img loading=\"lazy\" decoding=\"async\" width=\"1024\" height=\"768\" src=\"https:\/\/www.wraadapband.cz\/wp-content\/uploads\/2023\/10\/73046693_10162537097940367_984279626614308864_n-1024x768.jpg\" alt=\"\" data-id=\"2787\" data-full-url=\"https:\/\/www.wraadapband.cz\/wp-content\/uploads\/2023\/10\/73046693_10162537097940367_984279626614308864_n.jpg\" data-link=\"https:\/\/www.wraadapband.cz\/?attachment_id=2787#main\" class=\"wp-image-2787\" srcset=\"https:\/\/www.wraadapband.cz\/wp-content\/uploads\/2023\/10\/73046693_10162537097940367_984279626614308864_n-1024x768.jpg 1024w, https:\/\/www.wraadapband.cz\/wp-content\/uploads\/2023\/10\/73046693_10162537097940367_984279626614308864_n-300x225.jpg 300w, https:\/\/www.wraadapband.cz\/wp-content\/uploads\/2023\/10\/73046693_10162537097940367_984279626614308864_n-768x576.jpg 768w, https:\/\/www.wraadapband.cz\/wp-content\/uploads\/2023\/10\/73046693_10162537097940367_984279626614308864_n-1536x1152.jpg 1536w, https:\/\/www.wraadapband.cz\/wp-content\/uploads\/2023\/10\/73046693_10162537097940367_984279626614308864_n.jpg 2000w\" sizes=\"auto, (max-width: 1024px) 100vw, 1024px\" \/><\/a><\/figure><\/li><li class=\"blocks-gallery-item\"><figure><a href=\"https:\/\/www.wraadapband.cz\/wp-content\/uploads\/2023\/10\/73314026_10162537098995367_2369017326688272384_n.jpg\"><img loading=\"lazy\" decoding=\"async\" width=\"1024\" height=\"768\" src=\"https:\/\/www.wraadapband.cz\/wp-content\/uploads\/2023\/10\/73314026_10162537098995367_2369017326688272384_n-1024x768.jpg\" alt=\"\" data-id=\"2788\" data-full-url=\"https:\/\/www.wraadapband.cz\/wp-content\/uploads\/2023\/10\/73314026_10162537098995367_2369017326688272384_n.jpg\" data-link=\"https:\/\/www.wraadapband.cz\/?attachment_id=2788#main\" class=\"wp-image-2788\" srcset=\"https:\/\/www.wraadapband.cz\/wp-content\/uploads\/2023\/10\/73314026_10162537098995367_2369017326688272384_n-1024x768.jpg 1024w, https:\/\/www.wraadapband.cz\/wp-content\/uploads\/2023\/10\/73314026_10162537098995367_2369017326688272384_n-300x225.jpg 300w, https:\/\/www.wraadapband.cz\/wp-content\/uploads\/2023\/10\/73314026_10162537098995367_2369017326688272384_n-768x576.jpg 768w, https:\/\/www.wraadapband.cz\/wp-content\/uploads\/2023\/10\/73314026_10162537098995367_2369017326688272384_n-1536x1152.jpg 1536w, https:\/\/www.wraadapband.cz\/wp-content\/uploads\/2023\/10\/73314026_10162537098995367_2369017326688272384_n.jpg 2000w\" sizes=\"auto, (max-width: 1024px) 100vw, 1024px\" \/><\/a><\/figure><\/li><li class=\"blocks-gallery-item\"><figure><a href=\"https:\/\/www.wraadapband.cz\/wp-content\/uploads\/2023\/10\/73413128_10162537097985367_1040990907366637568_n.jpg\"><img loading=\"lazy\" decoding=\"async\" width=\"1024\" height=\"768\" src=\"https:\/\/www.wraadapband.cz\/wp-content\/uploads\/2023\/10\/73413128_10162537097985367_1040990907366637568_n-1024x768.jpg\" alt=\"\" data-id=\"2789\" data-full-url=\"https:\/\/www.wraadapband.cz\/wp-content\/uploads\/2023\/10\/73413128_10162537097985367_1040990907366637568_n.jpg\" data-link=\"https:\/\/www.wraadapband.cz\/?attachment_id=2789#main\" class=\"wp-image-2789\" srcset=\"https:\/\/www.wraadapband.cz\/wp-content\/uploads\/2023\/10\/73413128_10162537097985367_1040990907366637568_n-1024x768.jpg 1024w, https:\/\/www.wraadapband.cz\/wp-content\/uploads\/2023\/10\/73413128_10162537097985367_1040990907366637568_n-300x225.jpg 300w, https:\/\/www.wraadapband.cz\/wp-content\/uploads\/2023\/10\/73413128_10162537097985367_1040990907366637568_n-768x576.jpg 768w, https:\/\/www.wraadapband.cz\/wp-content\/uploads\/2023\/10\/73413128_10162537097985367_1040990907366637568_n-1536x1152.jpg 1536w, https:\/\/www.wraadapband.cz\/wp-content\/uploads\/2023\/10\/73413128_10162537097985367_1040990907366637568_n.jpg 2000w\" sizes=\"auto, (max-width: 1024px) 100vw, 1024px\" \/><\/a><\/figure><\/li><li class=\"blocks-gallery-item\"><figure><a href=\"https:\/\/www.wraadapband.cz\/wp-content\/uploads\/2023\/10\/73533121_10162537098260367_8005579900259926016_n.jpg\"><img loading=\"lazy\" decoding=\"async\" width=\"1024\" height=\"768\" src=\"https:\/\/www.wraadapband.cz\/wp-content\/uploads\/2023\/10\/73533121_10162537098260367_8005579900259926016_n-1024x768.jpg\" alt=\"\" data-id=\"2790\" data-full-url=\"https:\/\/www.wraadapband.cz\/wp-content\/uploads\/2023\/10\/73533121_10162537098260367_8005579900259926016_n.jpg\" data-link=\"https:\/\/www.wraadapband.cz\/?attachment_id=2790#main\" class=\"wp-image-2790\" srcset=\"https:\/\/www.wraadapband.cz\/wp-content\/uploads\/2023\/10\/73533121_10162537098260367_8005579900259926016_n-1024x768.jpg 1024w, https:\/\/www.wraadapband.cz\/wp-content\/uploads\/2023\/10\/73533121_10162537098260367_8005579900259926016_n-300x225.jpg 300w, https:\/\/www.wraadapband.cz\/wp-content\/uploads\/2023\/10\/73533121_10162537098260367_8005579900259926016_n-768x576.jpg 768w, https:\/\/www.wraadapband.cz\/wp-content\/uploads\/2023\/10\/73533121_10162537098260367_8005579900259926016_n-1536x1152.jpg 1536w, https:\/\/www.wraadapband.cz\/wp-content\/uploads\/2023\/10\/73533121_10162537098260367_8005579900259926016_n.jpg 2000w\" sizes=\"auto, (max-width: 1024px) 100vw, 1024px\" \/><\/a><\/figure><\/li><li class=\"blocks-gallery-item\"><figure><a href=\"https:\/\/www.wraadapband.cz\/wp-content\/uploads\/2023\/10\/74218991_10162537098595367_6515632930411249664_n.jpg\"><img loading=\"lazy\" decoding=\"async\" width=\"1024\" height=\"768\" src=\"https:\/\/www.wraadapband.cz\/wp-content\/uploads\/2023\/10\/74218991_10162537098595367_6515632930411249664_n-1024x768.jpg\" alt=\"\" data-id=\"2791\" data-full-url=\"https:\/\/www.wraadapband.cz\/wp-content\/uploads\/2023\/10\/74218991_10162537098595367_6515632930411249664_n.jpg\" data-link=\"https:\/\/www.wraadapband.cz\/?attachment_id=2791#main\" class=\"wp-image-2791\" srcset=\"https:\/\/www.wraadapband.cz\/wp-content\/uploads\/2023\/10\/74218991_10162537098595367_6515632930411249664_n-1024x768.jpg 1024w, https:\/\/www.wraadapband.cz\/wp-content\/uploads\/2023\/10\/74218991_10162537098595367_6515632930411249664_n-300x225.jpg 300w, https:\/\/www.wraadapband.cz\/wp-content\/uploads\/2023\/10\/74218991_10162537098595367_6515632930411249664_n-768x576.jpg 768w, https:\/\/www.wraadapband.cz\/wp-content\/uploads\/2023\/10\/74218991_10162537098595367_6515632930411249664_n-1536x1152.jpg 1536w, https:\/\/www.wraadapband.cz\/wp-content\/uploads\/2023\/10\/74218991_10162537098595367_6515632930411249664_n.jpg 2000w\" sizes=\"auto, (max-width: 1024px) 100vw, 1024px\" \/><\/a><\/figure><\/li><li class=\"blocks-gallery-item\"><figure><a href=\"https:\/\/www.wraadapband.cz\/wp-content\/uploads\/2023\/10\/74496670_10162537098585367_2287533168493854720_n.jpg\"><img loading=\"lazy\" decoding=\"async\" width=\"1024\" height=\"768\" src=\"https:\/\/www.wraadapband.cz\/wp-content\/uploads\/2023\/10\/74496670_10162537098585367_2287533168493854720_n-1024x768.jpg\" alt=\"\" data-id=\"2792\" data-full-url=\"https:\/\/www.wraadapband.cz\/wp-content\/uploads\/2023\/10\/74496670_10162537098585367_2287533168493854720_n.jpg\" data-link=\"https:\/\/www.wraadapband.cz\/?attachment_id=2792#main\" class=\"wp-image-2792\" srcset=\"https:\/\/www.wraadapband.cz\/wp-content\/uploads\/2023\/10\/74496670_10162537098585367_2287533168493854720_n-1024x768.jpg 1024w, https:\/\/www.wraadapband.cz\/wp-content\/uploads\/2023\/10\/74496670_10162537098585367_2287533168493854720_n-300x225.jpg 300w, https:\/\/www.wraadapband.cz\/wp-content\/uploads\/2023\/10\/74496670_10162537098585367_2287533168493854720_n-768x576.jpg 768w, https:\/\/www.wraadapband.cz\/wp-content\/uploads\/2023\/10\/74496670_10162537098585367_2287533168493854720_n-1536x1152.jpg 1536w, https:\/\/www.wraadapband.cz\/wp-content\/uploads\/2023\/10\/74496670_10162537098585367_2287533168493854720_n.jpg 2000w\" sizes=\"auto, (max-width: 1024px) 100vw, 1024px\" \/><\/a><\/figure><\/li><li class=\"blocks-gallery-item\"><figure><a href=\"https:\/\/www.wraadapband.cz\/wp-content\/uploads\/2023\/10\/74612988_10162537098220367_2747127512780767232_n.jpg\"><img loading=\"lazy\" decoding=\"async\" width=\"1024\" height=\"768\" src=\"https:\/\/www.wraadapband.cz\/wp-content\/uploads\/2023\/10\/74612988_10162537098220367_2747127512780767232_n-1024x768.jpg\" alt=\"\" data-id=\"2793\" data-full-url=\"https:\/\/www.wraadapband.cz\/wp-content\/uploads\/2023\/10\/74612988_10162537098220367_2747127512780767232_n.jpg\" data-link=\"https:\/\/www.wraadapband.cz\/?attachment_id=2793#main\" class=\"wp-image-2793\" srcset=\"https:\/\/www.wraadapband.cz\/wp-content\/uploads\/2023\/10\/74612988_10162537098220367_2747127512780767232_n-1024x768.jpg 1024w, https:\/\/www.wraadapband.cz\/wp-content\/uploads\/2023\/10\/74612988_10162537098220367_2747127512780767232_n-300x225.jpg 300w, https:\/\/www.wraadapband.cz\/wp-content\/uploads\/2023\/10\/74612988_10162537098220367_2747127512780767232_n-768x576.jpg 768w, https:\/\/www.wraadapband.cz\/wp-content\/uploads\/2023\/10\/74612988_10162537098220367_2747127512780767232_n-1536x1152.jpg 1536w, https:\/\/www.wraadapband.cz\/wp-content\/uploads\/2023\/10\/74612988_10162537098220367_2747127512780767232_n.jpg 2000w\" sizes=\"auto, (max-width: 1024px) 100vw, 1024px\" \/><\/a><\/figure><\/li><li class=\"blocks-gallery-item\"><figure><a href=\"https:\/\/www.wraadapband.cz\/wp-content\/uploads\/2023\/10\/74661798_10162537098970367_6852757489138532352_n.jpg\"><img loading=\"lazy\" decoding=\"async\" width=\"1024\" height=\"768\" src=\"https:\/\/www.wraadapband.cz\/wp-content\/uploads\/2023\/10\/74661798_10162537098970367_6852757489138532352_n-1024x768.jpg\" alt=\"\" data-id=\"2794\" data-full-url=\"https:\/\/www.wraadapband.cz\/wp-content\/uploads\/2023\/10\/74661798_10162537098970367_6852757489138532352_n.jpg\" data-link=\"https:\/\/www.wraadapband.cz\/?attachment_id=2794#main\" class=\"wp-image-2794\" srcset=\"https:\/\/www.wraadapband.cz\/wp-content\/uploads\/2023\/10\/74661798_10162537098970367_6852757489138532352_n-1024x768.jpg 1024w, https:\/\/www.wraadapband.cz\/wp-content\/uploads\/2023\/10\/74661798_10162537098970367_6852757489138532352_n-300x225.jpg 300w, https:\/\/www.wraadapband.cz\/wp-content\/uploads\/2023\/10\/74661798_10162537098970367_6852757489138532352_n-768x576.jpg 768w, https:\/\/www.wraadapband.cz\/wp-content\/uploads\/2023\/10\/74661798_10162537098970367_6852757489138532352_n-1536x1152.jpg 1536w, https:\/\/www.wraadapband.cz\/wp-content\/uploads\/2023\/10\/74661798_10162537098970367_6852757489138532352_n.jpg 2000w\" sizes=\"auto, (max-width: 1024px) 100vw, 1024px\" \/><\/a><\/figure><\/li><li class=\"blocks-gallery-item\"><figure><a href=\"https:\/\/www.wraadapband.cz\/wp-content\/uploads\/2023\/10\/75233397_10162537098570367_2563003372902809600_n.jpg\"><img loading=\"lazy\" decoding=\"async\" width=\"1024\" height=\"768\" src=\"https:\/\/www.wraadapband.cz\/wp-content\/uploads\/2023\/10\/75233397_10162537098570367_2563003372902809600_n-1024x768.jpg\" alt=\"\" data-id=\"2795\" data-full-url=\"https:\/\/www.wraadapband.cz\/wp-content\/uploads\/2023\/10\/75233397_10162537098570367_2563003372902809600_n.jpg\" data-link=\"https:\/\/www.wraadapband.cz\/?attachment_id=2795#main\" class=\"wp-image-2795\" srcset=\"https:\/\/www.wraadapband.cz\/wp-content\/uploads\/2023\/10\/75233397_10162537098570367_2563003372902809600_n-1024x768.jpg 1024w, https:\/\/www.wraadapband.cz\/wp-content\/uploads\/2023\/10\/75233397_10162537098570367_2563003372902809600_n-300x225.jpg 300w, https:\/\/www.wraadapband.cz\/wp-content\/uploads\/2023\/10\/75233397_10162537098570367_2563003372902809600_n-768x576.jpg 768w, https:\/\/www.wraadapband.cz\/wp-content\/uploads\/2023\/10\/75233397_10162537098570367_2563003372902809600_n-1536x1152.jpg 1536w, https:\/\/www.wraadapband.cz\/wp-content\/uploads\/2023\/10\/75233397_10162537098570367_2563003372902809600_n.jpg 2000w\" sizes=\"auto, (max-width: 1024px) 100vw, 1024px\" \/><\/a><\/figure><\/li><li class=\"blocks-gallery-item\"><figure><a href=\"https:\/\/www.wraadapband.cz\/wp-content\/uploads\/2023\/10\/75278319_10162537097960367_6189101259979489280_n.jpg\"><img loading=\"lazy\" decoding=\"async\" width=\"1024\" height=\"768\" src=\"https:\/\/www.wraadapband.cz\/wp-content\/uploads\/2023\/10\/75278319_10162537097960367_6189101259979489280_n-1024x768.jpg\" alt=\"\" data-id=\"2796\" data-full-url=\"https:\/\/www.wraadapband.cz\/wp-content\/uploads\/2023\/10\/75278319_10162537097960367_6189101259979489280_n.jpg\" data-link=\"https:\/\/www.wraadapband.cz\/?attachment_id=2796#main\" class=\"wp-image-2796\" srcset=\"https:\/\/www.wraadapband.cz\/wp-content\/uploads\/2023\/10\/75278319_10162537097960367_6189101259979489280_n-1024x768.jpg 1024w, https:\/\/www.wraadapband.cz\/wp-content\/uploads\/2023\/10\/75278319_10162537097960367_6189101259979489280_n-300x225.jpg 300w, https:\/\/www.wraadapband.cz\/wp-content\/uploads\/2023\/10\/75278319_10162537097960367_6189101259979489280_n-768x576.jpg 768w, https:\/\/www.wraadapband.cz\/wp-content\/uploads\/2023\/10\/75278319_10162537097960367_6189101259979489280_n-1536x1152.jpg 1536w, https:\/\/www.wraadapband.cz\/wp-content\/uploads\/2023\/10\/75278319_10162537097960367_6189101259979489280_n.jpg 2000w\" sizes=\"auto, (max-width: 1024px) 100vw, 1024px\" \/><\/a><\/figure><\/li><li class=\"blocks-gallery-item\"><figure><a href=\"https:\/\/www.wraadapband.cz\/wp-content\/uploads\/2023\/10\/75332772_10162537098240367_4375459883684724736_n.jpg\"><img loading=\"lazy\" decoding=\"async\" width=\"1024\" height=\"768\" src=\"https:\/\/www.wraadapband.cz\/wp-content\/uploads\/2023\/10\/75332772_10162537098240367_4375459883684724736_n-1024x768.jpg\" alt=\"\" data-id=\"2797\" data-full-url=\"https:\/\/www.wraadapband.cz\/wp-content\/uploads\/2023\/10\/75332772_10162537098240367_4375459883684724736_n.jpg\" data-link=\"https:\/\/www.wraadapband.cz\/?attachment_id=2797#main\" class=\"wp-image-2797\" srcset=\"https:\/\/www.wraadapband.cz\/wp-content\/uploads\/2023\/10\/75332772_10162537098240367_4375459883684724736_n-1024x768.jpg 1024w, https:\/\/www.wraadapband.cz\/wp-content\/uploads\/2023\/10\/75332772_10162537098240367_4375459883684724736_n-300x225.jpg 300w, https:\/\/www.wraadapband.cz\/wp-content\/uploads\/2023\/10\/75332772_10162537098240367_4375459883684724736_n-768x576.jpg 768w, https:\/\/www.wraadapband.cz\/wp-content\/uploads\/2023\/10\/75332772_10162537098240367_4375459883684724736_n-1536x1152.jpg 1536w, https:\/\/www.wraadapband.cz\/wp-content\/uploads\/2023\/10\/75332772_10162537098240367_4375459883684724736_n.jpg 2000w\" sizes=\"auto, (max-width: 1024px) 100vw, 1024px\" \/><\/a><\/figure><\/li><li class=\"blocks-gallery-item\"><figure><a href=\"https:\/\/www.wraadapband.cz\/wp-content\/uploads\/2023\/10\/75348964_10162605437140367_8977535453225811968_n.jpg\"><img loading=\"lazy\" decoding=\"async\" width=\"1000\" height=\"662\" src=\"https:\/\/www.wraadapband.cz\/wp-content\/uploads\/2023\/10\/75348964_10162605437140367_8977535453225811968_n.jpg\" alt=\"\" data-id=\"2798\" data-full-url=\"https:\/\/www.wraadapband.cz\/wp-content\/uploads\/2023\/10\/75348964_10162605437140367_8977535453225811968_n.jpg\" data-link=\"https:\/\/www.wraadapband.cz\/?attachment_id=2798#main\" class=\"wp-image-2798\" srcset=\"https:\/\/www.wraadapband.cz\/wp-content\/uploads\/2023\/10\/75348964_10162605437140367_8977535453225811968_n.jpg 1000w, https:\/\/www.wraadapband.cz\/wp-content\/uploads\/2023\/10\/75348964_10162605437140367_8977535453225811968_n-300x199.jpg 300w, https:\/\/www.wraadapband.cz\/wp-content\/uploads\/2023\/10\/75348964_10162605437140367_8977535453225811968_n-768x508.jpg 768w\" sizes=\"auto, (max-width: 1000px) 100vw, 1000px\" \/><\/a><\/figure><\/li><li class=\"blocks-gallery-item\"><figure><a href=\"https:\/\/www.wraadapband.cz\/wp-content\/uploads\/2023\/10\/75402079_10162605436875367_1193069445845614592_n.jpg\"><img loading=\"lazy\" decoding=\"async\" width=\"1000\" height=\"662\" src=\"https:\/\/www.wraadapband.cz\/wp-content\/uploads\/2023\/10\/75402079_10162605436875367_1193069445845614592_n.jpg\" alt=\"\" data-id=\"2799\" data-full-url=\"https:\/\/www.wraadapband.cz\/wp-content\/uploads\/2023\/10\/75402079_10162605436875367_1193069445845614592_n.jpg\" data-link=\"https:\/\/www.wraadapband.cz\/?attachment_id=2799#main\" class=\"wp-image-2799\" srcset=\"https:\/\/www.wraadapband.cz\/wp-content\/uploads\/2023\/10\/75402079_10162605436875367_1193069445845614592_n.jpg 1000w, https:\/\/www.wraadapband.cz\/wp-content\/uploads\/2023\/10\/75402079_10162605436875367_1193069445845614592_n-300x199.jpg 300w, https:\/\/www.wraadapband.cz\/wp-content\/uploads\/2023\/10\/75402079_10162605436875367_1193069445845614592_n-768x508.jpg 768w\" sizes=\"auto, (max-width: 1000px) 100vw, 1000px\" \/><\/a><\/figure><\/li><li class=\"blocks-gallery-item\"><figure><a href=\"https:\/\/www.wraadapband.cz\/wp-content\/uploads\/2023\/10\/75424685_10162605436905367_4586187411771359232_n.jpg\"><img loading=\"lazy\" decoding=\"async\" width=\"1000\" height=\"662\" src=\"https:\/\/www.wraadapband.cz\/wp-content\/uploads\/2023\/10\/75424685_10162605436905367_4586187411771359232_n.jpg\" alt=\"\" data-id=\"2800\" data-full-url=\"https:\/\/www.wraadapband.cz\/wp-content\/uploads\/2023\/10\/75424685_10162605436905367_4586187411771359232_n.jpg\" data-link=\"https:\/\/www.wraadapband.cz\/?attachment_id=2800#main\" class=\"wp-image-2800\" srcset=\"https:\/\/www.wraadapband.cz\/wp-content\/uploads\/2023\/10\/75424685_10162605436905367_4586187411771359232_n.jpg 1000w, https:\/\/www.wraadapband.cz\/wp-content\/uploads\/2023\/10\/75424685_10162605436905367_4586187411771359232_n-300x199.jpg 300w, https:\/\/www.wraadapband.cz\/wp-content\/uploads\/2023\/10\/75424685_10162605436905367_4586187411771359232_n-768x508.jpg 768w\" sizes=\"auto, (max-width: 1000px) 100vw, 1000px\" \/><\/a><\/figure><\/li><li class=\"blocks-gallery-item\"><figure><a href=\"https:\/\/www.wraadapband.cz\/wp-content\/uploads\/2023\/10\/75627460_10162537099025367_5199341126246465536_n.jpg\"><img loading=\"lazy\" decoding=\"async\" width=\"1024\" height=\"768\" src=\"https:\/\/www.wraadapband.cz\/wp-content\/uploads\/2023\/10\/75627460_10162537099025367_5199341126246465536_n-1024x768.jpg\" alt=\"\" data-id=\"2801\" data-full-url=\"https:\/\/www.wraadapband.cz\/wp-content\/uploads\/2023\/10\/75627460_10162537099025367_5199341126246465536_n.jpg\" data-link=\"https:\/\/www.wraadapband.cz\/?attachment_id=2801#main\" class=\"wp-image-2801\" srcset=\"https:\/\/www.wraadapband.cz\/wp-content\/uploads\/2023\/10\/75627460_10162537099025367_5199341126246465536_n-1024x768.jpg 1024w, https:\/\/www.wraadapband.cz\/wp-content\/uploads\/2023\/10\/75627460_10162537099025367_5199341126246465536_n-300x225.jpg 300w, https:\/\/www.wraadapband.cz\/wp-content\/uploads\/2023\/10\/75627460_10162537099025367_5199341126246465536_n-768x576.jpg 768w, https:\/\/www.wraadapband.cz\/wp-content\/uploads\/2023\/10\/75627460_10162537099025367_5199341126246465536_n-1536x1152.jpg 1536w, https:\/\/www.wraadapband.cz\/wp-content\/uploads\/2023\/10\/75627460_10162537099025367_5199341126246465536_n.jpg 2000w\" sizes=\"auto, (max-width: 1024px) 100vw, 1024px\" \/><\/a><\/figure><\/li><li class=\"blocks-gallery-item\"><figure><a href=\"https:\/\/www.wraadapband.cz\/wp-content\/uploads\/2023\/10\/76706829_10162605437165367_4481286134101442560_n.jpg\"><img loading=\"lazy\" decoding=\"async\" width=\"1000\" height=\"662\" src=\"https:\/\/www.wraadapband.cz\/wp-content\/uploads\/2023\/10\/76706829_10162605437165367_4481286134101442560_n.jpg\" alt=\"\" data-id=\"2802\" data-full-url=\"https:\/\/www.wraadapband.cz\/wp-content\/uploads\/2023\/10\/76706829_10162605437165367_4481286134101442560_n.jpg\" data-link=\"https:\/\/www.wraadapband.cz\/?attachment_id=2802#main\" class=\"wp-image-2802\" srcset=\"https:\/\/www.wraadapband.cz\/wp-content\/uploads\/2023\/10\/76706829_10162605437165367_4481286134101442560_n.jpg 1000w, https:\/\/www.wraadapband.cz\/wp-content\/uploads\/2023\/10\/76706829_10162605437165367_4481286134101442560_n-300x199.jpg 300w, https:\/\/www.wraadapband.cz\/wp-content\/uploads\/2023\/10\/76706829_10162605437165367_4481286134101442560_n-768x508.jpg 768w\" sizes=\"auto, (max-width: 1000px) 100vw, 1000px\" \/><\/a><\/figure><\/li><li class=\"blocks-gallery-item\"><figure><a href=\"https:\/\/www.wraadapband.cz\/wp-content\/uploads\/2023\/10\/76953184_10162605436890367_6872799636197736448_n.jpg\"><img loading=\"lazy\" decoding=\"async\" width=\"1000\" height=\"684\" src=\"https:\/\/www.wraadapband.cz\/wp-content\/uploads\/2023\/10\/76953184_10162605436890367_6872799636197736448_n.jpg\" alt=\"\" data-id=\"2803\" data-full-url=\"https:\/\/www.wraadapband.cz\/wp-content\/uploads\/2023\/10\/76953184_10162605436890367_6872799636197736448_n.jpg\" data-link=\"https:\/\/www.wraadapband.cz\/?attachment_id=2803#main\" class=\"wp-image-2803\" srcset=\"https:\/\/www.wraadapband.cz\/wp-content\/uploads\/2023\/10\/76953184_10162605436890367_6872799636197736448_n.jpg 1000w, https:\/\/www.wraadapband.cz\/wp-content\/uploads\/2023\/10\/76953184_10162605436890367_6872799636197736448_n-300x205.jpg 300w, https:\/\/www.wraadapband.cz\/wp-content\/uploads\/2023\/10\/76953184_10162605436890367_6872799636197736448_n-768x525.jpg 768w\" sizes=\"auto, (max-width: 1000px) 100vw, 1000px\" \/><\/a><\/figure><\/li><li class=\"blocks-gallery-item\"><figure><a href=\"https:\/\/www.wraadapband.cz\/wp-content\/uploads\/2023\/10\/IMG_20191027_000153-scaled.jpg\"><img loading=\"lazy\" decoding=\"async\" width=\"1024\" height=\"768\" src=\"https:\/\/www.wraadapband.cz\/wp-content\/uploads\/2023\/10\/IMG_20191027_000153-1024x768.jpg\" alt=\"\" data-id=\"2804\" data-full-url=\"https:\/\/www.wraadapband.cz\/wp-content\/uploads\/2023\/10\/IMG_20191027_000153-scaled.jpg\" data-link=\"https:\/\/www.wraadapband.cz\/?attachment_id=2804#main\" class=\"wp-image-2804\" srcset=\"https:\/\/www.wraadapband.cz\/wp-content\/uploads\/2023\/10\/IMG_20191027_000153-1024x768.jpg 1024w, https:\/\/www.wraadapband.cz\/wp-content\/uploads\/2023\/10\/IMG_20191027_000153-300x225.jpg 300w, https:\/\/www.wraadapband.cz\/wp-content\/uploads\/2023\/10\/IMG_20191027_000153-768x576.jpg 768w, https:\/\/www.wraadapband.cz\/wp-content\/uploads\/2023\/10\/IMG_20191027_000153-1536x1152.jpg 1536w, https:\/\/www.wraadapband.cz\/wp-content\/uploads\/2023\/10\/IMG_20191027_000153-2048x1536.jpg 2048w\" sizes=\"auto, (max-width: 1024px) 100vw, 1024px\" \/><\/a><figcaption class=\"blocks-gallery-item__caption\"><strong>MUTr. Michaela Chadimov\u00e1, MUStr. Josef Ne\u010das, MUTr. Zuzana Gamboa, MUStr. Jan Smigm\u00e1tor<\/strong><\/figcaption><\/figure><\/li><\/ul><\/figure>\n","protected":false},"excerpt":{"rendered":"","protected":false},"author":2,"featured_media":0,"parent":194,"menu_order":0,"comment_status":"closed","ping_status":"closed","template":"","meta":{"footnotes":""},"class_list":["post-2785","page","type-page","status-publish","hentry"],"_links":{"self":[{"href":"https:\/\/www.wraadapband.cz\/index.php?rest_route=\/wp\/v2\/pages\/2785","targetHints":{"allow":["GET"]}}],"collection":[{"href":"https:\/\/www.wraadapband.cz\/index.php?rest_route=\/wp\/v2\/pages"}],"about":[{"href":"https:\/\/www.wraadapband.cz\/index.php?rest_route=\/wp\/v2\/types\/page"}],"author":[{"embeddable":true,"href":"https:\/\/www.wraadapband.cz\/index.php?rest_route=\/wp\/v2\/users\/2"}],"replies":[{"embeddable":true,"href":"https:\/\/www.wraadapband.cz\/index.php?rest_route=%2Fwp%2Fv2%2Fcomments&post=2785"}],"version-history":[{"count":1,"href":"https:\/\/www.wraadapband.cz\/index.php?rest_route=\/wp\/v2\/pages\/2785\/revisions"}],"predecessor-version":[{"id":2805,"href":"https:\/\/www.wraadapband.cz\/index.php?rest_route=\/wp\/v2\/pages\/2785\/revisions\/2805"}],"up":[{"embeddable":true,"href":"https:\/\/www.wraadapband.cz\/index.php?rest_route=\/wp\/v2\/pages\/194"}],"wp:attachment":[{"href":"https:\/\/www.wraadapband.cz\/index.php?rest_route=%2Fwp%2Fv2%2Fmedia&parent=2785"}],"curies":[{"name":"wp","href":"https:\/\/api.w.org\/{rel}","templated":true}]}}